the units digit of 855853798?
8
What is the hundred thousands digit of 57657232?
6
What is the thousands digit of 1123883593?
3
What is the billions digit of 4544925900?
4
What is the thousands digit of 4913740315?
0
What is the hundred millions digit of 136536678?
1
What is the units digit of 1074229104?
4
What is the hundred thousands digit of 22632439?
6
What is the tens digit of 4320139100?
0
What is the hundreds digit of 1965425865?
8
What is the tens digit of 25455793?
9
What is the thousands digit of 3565877675?
7
What is the ten thousands digit of 419316843?
1
What is the tens digit of 624165999?
9
What is the ten thousands digit of 102800705?
0
What is the thousands digit of 163923882?
3
What is the ten thousands digit of 6768039?
6
What is the hundred thousands digit of 1554639741?
6
What is the units digit of 356421714?
4
What is the hundred thousands digit of 43911316?
9
What is the thousands digit of 618172949?
2
What is the units digit of 131057160?
0
What is the units digit of 302503238?
8
What is the thousands digit of 452403552?
3
What is the hundred thousands digit of 234989027?
9
What is the hundred thousands digit of 919428151?
4
What is the ten millions digit of 118673338?
1
What is the units digit of 1110091815?
5
What is the units digit of 368631269?
9
What is the thousands digit of 1195205518?
5
What is the millions digit of 79049844?
9
What is the hundred thousands digit of 1527152177?
1
What is the hundred thousands digit of 895108319?
1
What is the hundreds digit of 292923062?
0
What is the hundreds digit of 81029578?
5
What is the hundred thousands digit of 771747278?
7
What is the millions digit of 160323334?
0
What is the hundreds digit of 806613043?
0
What is the hundred thousands digit of 1628095961?
0
What is the units digit of 2582001970?
0
What is the units digit of 303659491?
1
What is the units digit of 305947975?
5
What is the millions digit of 1389498837?
9
What is the thousands digit of 41154888?
4
What is the thousands digit of 512320043?
0
What is the ten millions digit of 215744151?
1
What is the hundreds digit of 312180925?
9
What is the tens digit of 983320377?
7
What is the tens digit of 60168554?
5
What is the thousands digit of 2232188655?
8
What is the billions digit of 4920298676?
4
What is the hundred thousands digit of 59590291?
5
What is the millions digit of 1305143227?
5
What is the ten millions digit of 38016829?
3
What is the hundred thousands digit of 218621942?
6
What is the ten thousands digit of 804501238?
0
What is the millions digit of 139824567?
9
What is the hundreds digit of 538095453?
4
What is the millions digit of 416403552?
6
What is the thousands digit of 978783?
8
What is the billions digit of 3034508331?
3
What is the ten thousands digit of 3290802392?
0
What is the hundreds digit of 970328059?
0
What is the billions digit of 3128072000?
3
What is the ten thousands digit of 9989600?
8
What is the ten thousands digit of 3448594233?
9
What is the ten millions digit of 37593089?
3
What is the thousands digit of 842629855?
9
What is the ten thousands digit of 3422231762?
3
What is the hundreds digit of 797818258?
2
What is the ten thousands digit of 51161071?
6
What is the tens digit of 21259005?
0
What is the ten millions digit of 340041179?
4
What is the hundred thousands digit of 708461181?
4
What is the hundred millions digit of 112306679?
1
What is the units digit of 347199172?
2
What is the hundred thousands digit of 178780874?
7
What is the tens digit of 71855254?
5
What is the units digit of 48168018?
8
What is the tens digit of 182315164?
6
What is the tens digit of 1988508?
0
What is the hundred thousands digit of 610201503?
2
What is the units digit of 3960142?
2
What is the hundred thousands digit of 1249733281?
7
What is the hundred thousands digit of 195064031?
0
What is the millions digit of 205132381?
5
What is the hundred thousands digit of 153352040?
3
What is the billions digit of 7959595970?
7
What is the billions digit of 5794855700?
5
What is the units digit of 611723794?
4
What is the ten millions digit of 22906857?
2
What is the hundred millions digit of 148905753?
1
What is the hundreds digit of 157801630?
6
What is the tens digit of 1380450823?
2
What is the tens digit of 139535848?
4
What is the billions digit of 1374863166?
1
What is the ten thousands digit of 285147886?
4
What is the hundred millions digit of 2591731389?
5
What is the hundred millions digit of 177336256?
1
What is the hundreds digit of 1541627176?
1
What is the millions digit of 118622116?
8
What is the ten thousands digit of 775482097?
8
What is the ten thousands digit of 2549982393?
8
What is the billions digit of 1662175899?
1
What is the tens digit of 256673728?
2
What is the thousands digit of 116681915?
1
What is the millions digit of 47744606?
7
What is the units digit of 191635745?
5
What is the ten millions digit of 402993314?
0
What is the billions digit of 1102896191?
1
What is the millions digit of 18954720?
8
What is the hundreds digit of 8191284?
2
What is the tens digit of 1947958105?
0
What is the ten millions digit of 35058305?
3
What is the ten millions digit of 466148648?
6
What is the hundred millions digit of 4362104741?
3
What is the ten thousands digit of 386508761?
0
What is the ten millions digit of 2172882897?
7
What is the hundreds digit of 96904875?
8
What is the millions digit of 1161263173?
1
What is the hundreds digit of 35382047?
0
What is the hundred thousands digit of 14805096?
8
What is the millions digit of 16518759?
6
What is the thousands digit of 4423091051?
1
What is the units digit of 990087223?
3
What is the units digit of 90721299?
9
What is the hundreds digit of 1587045828?
8
What is the units digit of 19213718?
8
What is the ten millions digit of 1666142168?
6
What is the hundreds digit of 87419312?
3
What is the ten millions digit of 156260122?
5
What is the ten thousands digit of 96955479?
5
What is the millions digit of 290941258?
0
What is the millions digit of 700964310?
0
What is the ten millions digit of 32103355?
3
What is the ten thousands digit of 477573669?
7
What is the ten thousands digit of 59788334?
8
What is the ten millions digit of 63987588?
6
What is the tens digit of 97994872?
7
What is the units digit of 49836189?
9
What is the millions digit of 1259507496?
9
What is the tens digit of 83118475?
7
What is the ten thousands digit of 1060309508?
0
What is the thousands digit of 11525142?
5
What is the ten millions digit of 30382397?
3
What is the millions digit of 1118114385?
8
What is the millions digit of 1818628817?
8
What is the hundred thousands digit of 296008709?
0
What is the hundred thousands digit of 74568818?
5
What is the billions digit of 1805516518?
1
What is the thousands digit of 15609566?
9
What is the tens digit of 14313741?
4
What is the ten thousands digit of 829146983?
4
What is the ten thousands digit of 546100280?
0
What is the hundred millions digit of 675257344?
6
What is the hundred thousands digit of 210554803?
5
What is the hundred thousands digit of 67327096?
3
What is the units digit of 4762845461?
1
What is the ten thousands digit of 40603745?
0
What is the ten thousands digit of 491518880?
1
What is the hundred millions digit of 603299275?
6
What is the ten thousands digit of 1295968228?
6
What is the thousands digit of 206697321?
7
What is the hundred thousands digit of 3869835150?
8
What is the hundred millions digit of 276081232?
2
What is the ten millions digit of 135991293?
3
What is the ten thousands digit of 761895879?
9
What is the thousands digit of 11048183?
8
What is the ten thousands digit of 63463070?
6
What is the tens digit of 1244829460?
6
What is the hundred thousands digit of 57402689?
4
What is the ten millions digit of 3801209617?
0
What is the millions digit of 253197827?
3
What is the units digit of 399065605?
5
What is the hundreds digit of 4162766288?
2
What is the millions digit of 4077209104?
7
What is the thousands digit of 1134826388?
6
What is the hundreds digit of 44328622?
6
What is the billions digit of 8249319823?
8
What is the thousands digit of 3536562238?
2
What is the units digit of 8077593?
3
What is the ten thousands digit of 13085768?
8
What i